4061761
In base 10, what is -530560 - -3?
-530557
In base 11, what is a7 + -274?
-178
In base 15, what is d + -c3d?
-c30
In base 10, what is 79577 + -3?
79574
In base 8, what is 3603 + 12?
3615
In base 12, what is -8 + 4b0?
4a4
In base 8, what is -11062 - 6?
-11070
In base 12, what is 965 + -909?
58
In base 6, what is 2222012 - -5?
2222021
In base 15, what is 27 - 42b?
-404
In base 12, what is 152999 - 3?
152996
In base 8, what is -47 - 5034?
-5103
In base 12, what is 0 + 36805?
36805
In base 2, what is 100110010 + 11101?
101001111
In base 2, what is 1101001110111100000000 + -100?
1101001110111011111100
In base 7, what is 125 + -251?
-123
In base 8, what is 327751 - -5?
327756
In base 16, what is 2686 - 3?
2683
In base 12, what is -22 + -12320?
-12342
In base 3, what is -12 + 2211102?
2211020
In base 14, what is -4 + -3068?
-306c
In base 11, what is a884 - 2?
a882
In base 11, what is 2894 + 4?
2898
In base 16, what is de - -41?
11f
In base 5, what is 4130030 - -1?
4130031
In base 5, what is -3301 - -124?
-3122
In base 7, what is 1600 + 11010?
12610
In base 5, what is -1112143 - 0?
-1112143
In base 7, what is 1 + -124102?
-124101
In base 12, what is 25 + 493?
4b8
In base 11, what is 12 + a0826?
a0838
In base 12, what is 0 - 631255?
-631255
In base 8, what is -130475 - -13?
-130462
In base 11, what is -13 + -a708?
-a720
In base 4, what is 321213 + -113?
321100
In base 8, what is -220 - 60?
-300
In base 15, what is 1a5c4 - 20?
1a5a4
In base 5, what is -211 - -324?
113
In base 14, what is -76 + -101b?
-1093
In base 12, what is -4 + -651a8?
-651b0
In base 6, what is -532 - -243?
-245
In base 12, what is -70 - 523?
-593
In base 12, what is -168 - 290?
-438
In base 2, what is 1001100010011 + 111001?
1001101001100
In base 11, what is 15 - 2972?
-2958
In base 13, what is -9a24 + -c?
-9a33
In base 14, what is -28c8 - 1?
-28c9
In base 10, what is 51 + -18083?
-18032
In base 5, what is -10 + 420201?
420141
In base 5, what is 33 - 1133?
-1100
In base 5, what is 4 + 242413?
242422
In base 15, what is dcbc + -1d?
dc9e
In base 6, what is 3 + 101415?
101422
In base 6, what is -3 - 214355?
-214402
In base 10, what is 3 - -556603?
556606
In base 3, what is 11122 + -100112?
-11220
In base 16, what is 172 - 49?
129
In base 7, what is -5 - 1634350?
-1634355
In base 6, what is -343 + 220023?
215240
In base 7, what is 2521 - 63?
2425
In base 6, what is -3 - -2313100?
2313053
In base 12, what is 22b731 - -2?
22b733
In base 12, what is -488 - 2043?
-250b
In base 2, what is 1001001 + -100?
1000101
In base 11, what is -89 + -59a?
-678
In base 10, what is -12879 + 115?
-12764
In base 13, what is -350 + b?
-342
In base 10, what is 1 - 20835?
-20834
In base 6, what is -15254 - -503?
-14351
In base 9, what is -2 - -56401?
56388
In base 12, what is 3 - -2b5981?
2b5984
In base 5, what is 0 + 20303231?
20303231
In base 4, what is 0 + -1223112?
-1223112
In base 13, what is -36 - 120a?
-1243
In base 15, what is 3 + 1e8e?
1e92
In base 15, what is -e1a + 4?
-e16
In base 6, what is -11312 + -42?
-11354
In base 16, what is -21 + 20a0?
207f
In base 7, what is -115 + 5053?
4635
In base 7, what is 510312 - 5?
510304
In base 16, what is -15c + 66a?
50e
In base 6, what is -1405 - -10430?
5021
In base 4, what is -21002001 - 0?
-21002001
In base 9, what is -4 + 184?
180
In base 16, what is 0 + -6975f?
-6975f
In base 4, what is -102 - -22101?
21333
In base 14, what is b9 - 14a7?
-13cc
In base 15, what is -137 - -12?
-125
In base 7, what is -5 - 302336?
-302344
In base 10, what is -3 + -229127?
-229130
In base 9, what is -18 + 73068?
73050
In base 3, what is 12112011 - 1002?
12111002
In base 16, what is 6 + -e659?
-e653
In base 11, what is 4 - -1984a0?
1984a4
In base 16, what is 2973 + -2a?
2949
In base 7, what is 1313060 + 22?
1313112
In base 8, what is -24 - -321760?
321734
In base 10, what is 1 - 31270?
-31269
In base 16, what is -1 + 704?
703
In base 5, what is 3404 + -330?
3024
In base 9, what is -888 + 680?
-208
In base 13, what is -4990c3 + 4?
-4990bc
In base 4, what is -10 + 2011?
2001
In base 8, what is 5 + 114350?
114355
In base 15, what is 18473 + -6?
1846c
In base 14, what is 89 + 4580?
4629
In base 9, what is 6053143 + 2?
6053145
In base 9, what is 153815 + 10?
153825
In base 3, what is -2201202220 + -11112?
-2201221102
In base 2, what is 10001000010110 + 0?
10001000010110
In base 3, what is 12111010212 + -10?
12111010202
In base 3, what is -21 + -1020221202?
-1020222000
In base 7, what is -13020 + -1330?
-14350
In base 8, what is -57175 - 0?
-57175
In base 7, what is -4024 + -140?
-4164
In base 12, what is 1b507a + -1?
1b5079
In base 14, what is -5d81 + 7?
-5d78
In base 5, what is -13134 - 4042?
-22231
In base 15, what is 2848 - -33?
287b
In base 5, what is -4200341 - 1?
-4200342
In base 14, what is 4410 - 8?
4406
In base 12, what is 4 - -a2857?
a285b
In base 7, what is -3460 - -42?
-3415
In base 8, what is -1346 + 2?
-1344
In base 11, what is -4 - -7770?
7767
In base 10, what is 2005 - -33?
2038
In base 5, what is -301214 - 1032?
-302301
In base 11, what is -404a - 6a?
-4109
In base 9, what is 16 + -45686?
-45670
In base 2, what is 1100010100000111110 - 11?
1100010100000111011
In base 12, what is -3476 - 124?
-359a
In base 10, what is 241384 + -2?
241382
In base 16, what is 1 - 4b41a?
-4b419
In base 11, what is -5 + -26a95?
-26a9a
In base 13, what is a0b5 - 10?
a0a5
In base 6, what is 210 - -25300?
25510
In base 3, what is -1000100 - -1101?
-221222
In base 10, what is -50470 + 30?
-50440
In base 10, what is -300 + 27?
-273
In base 3, what is -20100102101 - -10?
-20100102021
In base 3, what is -122111002 - -10?
-122110222
In base 5, what is 140011 + -34?
134422
In base 10, what is -24390 + -2?
-24392
In base 4, what is -103111 - -1110?
-102001
In base 2, what is -1111010 + 101010111010?
101001000000
In base 2, what is 1001100000 - -10000101?
1011100101
In base 3, what is -12 + -1221201110120?
-1221201110202
In base 2, what is 1 - -11011001101011?
11011001101100
In base 10, what is -23091 + 123?
-22968
In base 8, what is -20 - -7065?
7045
In base 2, what is -10001 - 11010101001111?
-11010101100000
In base 15, what is -4 + 479b6?
479b2
In base 13, what is a5c1 + 15?
a606
In base 14, what is 3 + 22a37?
22a3a
In base 5, what is -14210114 - 1?
-14210120
In base 12, what is 29a - 3?
297
In base 6, what is 4014305 + -4?
4014301
In base 4, what is -10 + 1000030201?
1000030131
In base 10, what is 86 + -65?
21
In base 15, what is 60d + 1b4c?
225a
In base 12, what is 2 + 118141?
118143
In base 2, what is -1 + 111111011100000?
111111011011111
In base 3, what is -10002011 - -221?
-10001020
In base 9, what is 5262 - -28?
5301
In base 7, what is 261446 + 5?
261454
In base 5, what is -31014303 - 4?
-31014312
In base 7, what is 2 + 505055?
505060
In base 2, what is -100110010100111000 - 110?
-100110010100111110
In base 14, what is 4d98 - 0?
4d98
In base 14, what is 2d1 + -647?
-356
In base 2, what is -101011000110110110 - -101?
-101011000110110001
In base 10, what is -109865 + -21?
-109886
In base 12, what is 152b9 - -13?
15310
In base 5, what is -2140 + 3332?
1142
In base 12, what is a + 58650?
5865a
In base 15, what is -b7 - -24a2?
23da
In base 12, what is 2266 - -b5?
235b
In base 2, what is 110110100110 + -1100?
110110011010
In base 4, what is 3031 - 1320?
1111
In base 16, what is -4 + 5b3c?
5b38
In base 5, what is 4 - -34212320?
34212324
In base 2, what is -100101 - 1011101?
-10000010
In base 14, what is -a705 + 24?
-a6c1
In base 14, what is 13a9 - 10d?
129a
In base 12, what is 453a28 + -3?
453a25
In base 4, what is -1212033 - -2200?
-1203233
In base 13, what is -610 - -1b8?
-425
In base 3, what is -121 - -2202111?
2201220
In base 15, what is 3 - 7399?
-7396
In base 13, what is -5a7 + -32?
-609
In base 6, what is 2020 - -1151?
3211
In base 7, what is 2101 + -1601?
200
In base 13, what is 1 + -1837b8?
-1837b7
In base 9, what is 1014 + -362?
542
In base 14, what is -2bb + -1a7?
-484
In base 10, what is 1013 - -746?
1759
In base 3, what is 2221 + 1020120?
1100111
In base 5, what is 11342434 - -31?
11343020
In base 16, what is -2 - 2e8e?
-2e90
In base 7, what is -5030011 - 0?
-5030011
In base 10, what is -140 - -7063?
6923
In base 16, what is 82 - 8a?
-8
In base 7, what is 56 + -5140?
-5051